{"id":201,"date":"2016-04-25T11:27:17","date_gmt":"2016-04-25T11:27:17","guid":{"rendered":"https:\/\/trial-alulamellen.de\/?page_id=201"},"modified":"2023-02-16T14:18:17","modified_gmt":"2023-02-16T14:18:17","slug":"lueftungsschutz","status":"publish","type":"page","link":"https:\/\/trial-alulamellen.de\/?page_id=201","title":{"rendered":"L\u00fcftungs- und Wetterschutz"},"content":{"rendered":"<p>[et_pb_section fb_built=&#8220;1&#8243; admin_label=&#8220;section&#8220; _builder_version=&#8220;4.7.7&#8243; custom_margin=&#8220;0px|0px|0px|0px|true|true&#8220; custom_padding=&#8220;0px|0px|0px|0px|true|true&#8220;][et_pb_row admin_label=&#8220;row&#8220; _builder_version=&#8220;4.7.7&#8243; background_size=&#8220;initial&#8220; background_position=&#8220;top_left&#8220; background_repeat=&#8220;repeat&#8220; width=&#8220;100%&#8220; custom_margin=&#8220;0px|0px|0px|0px|true|true&#8220; custom_padding=&#8220;30px|20px|30px|20px|true|true&#8220;][et_pb_column type=&#8220;4_4&#8243; _builder_version=&#8220;3.25&#8243; custom_padding=&#8220;|||&#8220; custom_padding__hover=&#8220;|||&#8220;][et_pb_text _builder_version=&#8220;4.7.7&#8243; _module_preset=&#8220;default&#8220;]<\/p>\n<h1>L\u00fcftungs- und Wetterschutz<\/h1>\n<p>[\/et_pb_text][\/et_pb_column][\/et_pb_row][et_pb_row admin_label=&#8220;row&#8220; _builder_version=&#8220;4.7.7&#8243; background_size=&#8220;initial&#8220; background_position=&#8220;top_left&#8220; background_repeat=&#8220;repeat&#8220; custom_margin=&#8220;0px|0px|0px|0px|true|true&#8220; custom_padding=&#8220;0px|20px|0px|20px|true|true&#8220; hover_enabled=&#8220;0&#8243; width=&#8220;100%&#8220; sticky_enabled=&#8220;0&#8243;][et_pb_column type=&#8220;4_4&#8243; _builder_version=&#8220;3.25&#8243; custom_padding=&#8220;|||&#8220; custom_padding__hover=&#8220;|||&#8220;][et_pb_text admin_label=&#8220;Text&#8220; _builder_version=&#8220;3.27.4&#8243; background_size=&#8220;initial&#8220; background_position=&#8220;top_left&#8220; background_repeat=&#8220;repeat&#8220;]<\/p>\n<h2><a href=\"https:\/\/trial-alulamellen.de\/wp-content\/uploads\/2016\/04\/trial-krefeld.jpg\"><img loading=\"lazy\" decoding=\"async\" class=\"alignright wp-image-258 size-medium\" src=\"https:\/\/trial-alulamellen.de\/wp-content\/uploads\/2016\/04\/trial-krefeld-300x225.jpg\" alt=\"trial-krefeld\" width=\"300\" height=\"225\" srcset=\"https:\/\/trial-alulamellen.de\/wp-content\/uploads\/2016\/04\/trial-krefeld-300x225.jpg 300w, https:\/\/trial-alulamellen.de\/wp-content\/uploads\/2016\/04\/trial-krefeld-1024x768.jpg 1024w, https:\/\/trial-alulamellen.de\/wp-content\/uploads\/2016\/04\/trial-krefeld.jpg 1200w\" sizes=\"auto, (max-width: 300px) 100vw, 300px\" \/><\/a>Operatives Zentrum Krefeld<\/h2>\n<p>Einhausung der Technikzentrale und des Treppenhausturmes.<br \/>Gestaltungselement\u00a0 als harmonischer horizontaler \u00dcbergang zur Natursteinfassade mit integrierten T\u00fcrausbildungen.<\/p>\n<p><strong>Materialeinsatz: <\/strong>TriAL R 60 mm-Teilung teilweise als ged\u00e4mmte hinterl\u00fcftete Fassade mit schwarzer Vlieskaschierung.<br \/><strong>Oberfl\u00e4chen: <\/strong>RAL 9006 Wei\u00dfaluminium<br \/><strong>Lamellenecken: <\/strong>verschwei\u00dft<br \/><strong>Lamellenfl\u00e4che: <\/strong>ca. 1250 m\u00b2<\/p>\n<hr \/>\n<h2><a href=\"https:\/\/trial-alulamellen.de\/wp-content\/uploads\/2016\/04\/trial-duisburg.jpg\"><img loading=\"lazy\" decoding=\"async\" class=\"size-medium wp-image-263 alignright\" src=\"https:\/\/trial-alulamellen.de\/wp-content\/uploads\/2016\/04\/trial-duisburg-300x225.jpg\" alt=\"trial-duisburg\" width=\"300\" height=\"225\" srcset=\"https:\/\/trial-alulamellen.de\/wp-content\/uploads\/2016\/04\/trial-duisburg-300x225.jpg 300w, https:\/\/trial-alulamellen.de\/wp-content\/uploads\/2016\/04\/trial-duisburg-1024x768.jpg 1024w, https:\/\/trial-alulamellen.de\/wp-content\/uploads\/2016\/04\/trial-duisburg.jpg 1200w\" sizes=\"auto, (max-width: 300px) 100vw, 300px\" \/><\/a>Unfallklinik Duisburg<\/h2>\n<p>Ausbildung eines harmonisch gestalteten \u00dcbergangs zwischen dem Bestandsgeb\u00e4ude und dem Neubaukomplex mittels Lamellenb\u00e4ndern. Das Raster der Terrakotta-Fassade sollte sich in den Lamellenfl\u00e4chen widerspiegeln.<\/p>\n<p><strong>Materialeinsatz: <\/strong>TriAL R 75 mm Teilung TriAL Z 75 mm Teilung<br \/><strong>Oberfl\u00e4chen: <\/strong>RAL 9007 Graualuminium<br \/><strong>Lamellenfl\u00e4che: <\/strong>ca. 800 m\u00b2<\/p>\n<p>&nbsp;<\/p>\n<hr \/>\n<h2><a href=\"https:\/\/trial-alulamellen.de\/wp-content\/uploads\/2016\/04\/trial-aachen.jpg\"><img loading=\"lazy\" decoding=\"async\" class=\"size-medium wp-image-265 alignright\" src=\"https:\/\/trial-alulamellen.de\/wp-content\/uploads\/2016\/04\/trial-aachen-300x225.jpg\" alt=\"trial-aachen\" width=\"300\" height=\"225\" srcset=\"https:\/\/trial-alulamellen.de\/wp-content\/uploads\/2016\/04\/trial-aachen-300x225.jpg 300w, https:\/\/trial-alulamellen.de\/wp-content\/uploads\/2016\/04\/trial-aachen-1024x768.jpg 1024w, https:\/\/trial-alulamellen.de\/wp-content\/uploads\/2016\/04\/trial-aachen.jpg 1200w\" sizes=\"auto, (max-width: 300px) 100vw, 300px\" \/><\/a>EBV Carr\u00e9 Aachen<\/h2>\n<p>Integration eines Lamellenfeldes in die Natursteinfassade.<br \/>Umlaufendes Lamellenband mit Attikaausbildung.<\/p>\n<p><strong>Materialeinsatz: <\/strong>TriAL R 75-75-V<br \/><strong>Oberfl\u00e4chen: <\/strong>RAL 7024 Graphitgrau<\/p>\n<p>&nbsp;<\/p>\n<p>[\/et_pb_text][\/et_pb_column][\/et_pb_row][\/et_pb_section]<\/p>\n","protected":false},"excerpt":{"rendered":"<p>[et_pb_section fb_built=&#8220;1&#8243; admin_label=&#8220;section&#8220; _builder_version=&#8220;4.7.7&#8243; custom_margin=&#8220;0px|0px|0px|0px|true|true&#8220; custom_padding=&#8220;0px|0px|0px|0px|true|true&#8220;][et_pb_row admin_label=&#8220;row&#8220; _builder_version=&#8220;4.7.7&#8243; background_size=&#8220;initial&#8220; background_position=&#8220;top_left&#8220; background_repeat=&#8220;repeat&#8220; width=&#8220;100%&#8220; custom_margin=&#8220;0px|0px|0px|0px|true|true&#8220; custom_padding=&#8220;30px|20px|30px|20px|true|true&#8220;][et_pb_column type=&#8220;4_4&#8243; _builder_version=&#8220;3.25&#8243; custom_padding=&#8220;|||&#8220; custom_padding__hover=&#8220;|||&#8220;][et_pb_text _builder_version=&#8220;4.7.7&#8243; _module_preset=&#8220;default&#8220;] L\u00fcftungs- und Wetterschutz [\/et_pb_text][\/et_pb_column][\/et_pb_row][et_pb_row admin_label=&#8220;row&#8220; _builder_version=&#8220;4.7.7&#8243; background_size=&#8220;initial&#8220; background_position=&#8220;top_left&#8220; background_repeat=&#8220;repeat&#8220; custom_margin=&#8220;0px|0px|0px|0px|true|true&#8220; custom_padding=&#8220;0px|20px|0px|20px|true|true&#8220; hover_enabled=&#8220;0&#8243; width=&#8220;100%&#8220; sticky_enabled=&#8220;0&#8243;][et_pb_column type=&#8220;4_4&#8243; _builder_version=&#8220;3.25&#8243; custom_padding=&#8220;|||&#8220; custom_padding__hover=&#8220;|||&#8220;][et_pb_text admin_label=&#8220;Text&#8220; _builder_version=&#8220;3.27.4&#8243; background_size=&#8220;initial&#8220; background_position=&#8220;top_left&#8220; background_repeat=&#8220;repeat&#8220;] Operatives Zentrum Krefeld Einhausung der Technikzentrale und des Treppenhausturmes.Gestaltungselement\u00a0 als harmonischer horizontaler [&hellip;]<\/p>\n","protected":false},"author":2,"featured_media":0,"parent":156,"menu_order":1,"comment_status":"closed","ping_status":"closed","template":"","meta":{"_et_pb_use_builder":"on","_et_pb_old_content":"<h1>L\u00fcftungs- und Wetterschutz<\/h1>\r\n<h2><a href=\"https:\/\/trial-alulamellen.de\/wp-content\/uploads\/2016\/04\/trial-krefeld.jpg\"><img class=\"alignright wp-image-258 size-medium\" src=\"https:\/\/trial-alulamellen.de\/wp-content\/uploads\/2016\/04\/trial-krefeld-300x225.jpg\" alt=\"trial-krefeld\" width=\"300\" height=\"225\" \/><\/a>Operatives Zentrum Krefeld<\/h2>\r\nEinhausung der Technikzentrale und des Treppenhausturmes.\r\nGestaltungselement\u00a0 als harmonischer horizontaler \u00dcbergang zur Natursteinfassade mit integrierten T\u00fcrausbildungen.\r\n\r\n<strong>Materialeinsatz: <\/strong>TriAL R 60 mm-Teilung teilweise als ged\u00e4mmte hinterl\u00fcftete Fassade mit schwarzer Vlieskaschierung.\r\n<strong>Oberfl\u00e4chen: <\/strong>RAL 9006 Wei\u00dfaluminium\r\n<strong>Lamellenecken: <\/strong>verschwei\u00dft\r\n<strong>Lamellenfl\u00e4che: <\/strong>ca. 1250 m\u00b2\r\n\r\n<hr \/>\r\n\r\n<h2><a href=\"https:\/\/trial-alulamellen.de\/wp-content\/uploads\/2016\/04\/trial-duisburg.jpg\"><img class=\"size-medium wp-image-263 alignright\" src=\"https:\/\/trial-alulamellen.de\/wp-content\/uploads\/2016\/04\/trial-duisburg-300x225.jpg\" alt=\"trial-duisburg\" width=\"300\" height=\"225\" \/><\/a>Unfallklinik Duisburg<\/h2>\r\nAusbildung eines harmonisch gestalteten \u00dcbergangs zwischen dem Bestandsgeb\u00e4ude und dem Neubaukomplex mittels Lamellenb\u00e4ndern. Das Raster der Terrakotta-Fassade sollte sich in den Lamellenfl\u00e4chen widerspiegeln.\r\n\r\n<strong>Materialeinsatz: <\/strong>TriAL R 75 mm Teilung TriAL Z 75 mm Teilung\r\n<strong>Oberfl\u00e4chen: <\/strong>RAL 9007 Graualuminium\r\n<strong>Lamellenfl\u00e4che: <\/strong>ca. 800 m\u00b2\r\n\r\n&nbsp;\r\n\r\n<hr \/>\r\n\r\n<h2><a href=\"https:\/\/trial-alulamellen.de\/wp-content\/uploads\/2016\/04\/trial-aachen.jpg\"><img class=\"size-medium wp-image-265 alignright\" src=\"https:\/\/trial-alulamellen.de\/wp-content\/uploads\/2016\/04\/trial-aachen-300x225.jpg\" alt=\"trial-aachen\" width=\"300\" height=\"225\" \/><\/a>EBV Carr\u00e9 Aachen<\/h2>\r\nIntegration eines Lamellenfeldes in die Natursteinfassade.\r\nUmlaufendes Lamellenband mit Attikaausbildung.\r\n\r\n<strong>Materialeinsatz: <\/strong>TriAL R 75-75-V\r\n<strong>Oberfl\u00e4chen: <\/strong>RAL 7024 Graphitgrau\r\n\r\n\r\n&nbsp;","_et_gb_content_width":"","ngg_post_thumbnail":0,"footnotes":""},"class_list":["post-201","page","type-page","status-publish","hentry"],"yoast_head":"<!-- This site is optimized with the Yoast SEO plugin v26.8 - https:\/\/yoast.com\/product\/yoast-seo-wordpress\/ -->\n<title>L\u00fcftungs- und Wetterschutz - TriAl - Alulamellensysteme \u00b7 L\u00fcftungsgitter, Wetterschutz, Sonnenschutz, Fassadengestaltung u.v.m.<\/title>\n<meta name=\"robots\" content=\"index, follow, max-snippet:-1, max-image-preview:large, max-video-preview:-1\" \/>\n<link rel=\"canonical\" href=\"https:\/\/trial-alulamellen.de\/?page_id=201\" \/>\n<meta property=\"og:locale\" content=\"de_DE\" \/>\n<meta property=\"og:type\" content=\"article\" \/>\n<meta property=\"og:title\" content=\"L\u00fcftungs- und Wetterschutz - TriAl - Alulamellensysteme \u00b7 L\u00fcftungsgitter, Wetterschutz, Sonnenschutz, Fassadengestaltung u.v.m.\" \/>\n<meta property=\"og:description\" content=\"[et_pb_section fb_built=&#8220;1&#8243; admin_label=&#8220;section&#8220; _builder_version=&#8220;4.7.7&#8243; custom_margin=&#8220;0px|0px|0px|0px|true|true&#8220; custom_padding=&#8220;0px|0px|0px|0px|true|true&#8220;][et_pb_row admin_label=&#8220;row&#8220; _builder_version=&#8220;4.7.7&#8243; background_size=&#8220;initial&#8220; background_position=&#8220;top_left&#8220; background_repeat=&#8220;repeat&#8220; width=&#8220;100%&#8220; custom_margin=&#8220;0px|0px|0px|0px|true|true&#8220; custom_padding=&#8220;30px|20px|30px|20px|true|true&#8220;][et_pb_column type=&#8220;4_4&#8243; _builder_version=&#8220;3.25&#8243; custom_padding=&#8220;|||&#8220; custom_padding__hover=&#8220;|||&#8220;][et_pb_text _builder_version=&#8220;4.7.7&#8243; _module_preset=&#8220;default&#8220;] L\u00fcftungs- und Wetterschutz [\/et_pb_text][\/et_pb_column][\/et_pb_row][et_pb_row admin_label=&#8220;row&#8220; _builder_version=&#8220;4.7.7&#8243; background_size=&#8220;initial&#8220; background_position=&#8220;top_left&#8220; background_repeat=&#8220;repeat&#8220; custom_margin=&#8220;0px|0px|0px|0px|true|true&#8220; custom_padding=&#8220;0px|20px|0px|20px|true|true&#8220; hover_enabled=&#8220;0&#8243; width=&#8220;100%&#8220; sticky_enabled=&#8220;0&#8243;][et_pb_column type=&#8220;4_4&#8243; _builder_version=&#8220;3.25&#8243; custom_padding=&#8220;|||&#8220; custom_padding__hover=&#8220;|||&#8220;][et_pb_text admin_label=&#8220;Text&#8220; _builder_version=&#8220;3.27.4&#8243; background_size=&#8220;initial&#8220; background_position=&#8220;top_left&#8220; background_repeat=&#8220;repeat&#8220;] Operatives Zentrum Krefeld Einhausung der Technikzentrale und des Treppenhausturmes.Gestaltungselement\u00a0 als harmonischer horizontaler [&hellip;]\" \/>\n<meta property=\"og:url\" content=\"https:\/\/trial-alulamellen.de\/?page_id=201\" \/>\n<meta property=\"og:site_name\" content=\"TriAl - Alulamellensysteme \u00b7 L\u00fcftungsgitter, Wetterschutz, Sonnenschutz, Fassadengestaltung u.v.m.\" \/>\n<meta property=\"article:modified_time\" content=\"2023-02-16T14:18:17+00:00\" \/>\n<meta property=\"og:image\" content=\"https:\/\/trial-alulamellen.de\/wp-content\/uploads\/2016\/04\/trial-krefeld-300x225.jpg\" \/>\n<meta name=\"twitter:card\" content=\"summary_large_image\" \/>\n<meta name=\"twitter:label1\" content=\"Gesch\u00e4tzte Lesezeit\" \/>\n\t<meta name=\"twitter:data1\" content=\"1\u00a0Minute\" \/>\n<script type=\"application\/ld+json\" class=\"yoast-schema-graph\">{\"@context\":\"https:\/\/schema.org\",\"@graph\":[{\"@type\":\"WebPage\",\"@id\":\"https:\/\/trial-alulamellen.de\/?page_id=201\",\"url\":\"https:\/\/trial-alulamellen.de\/?page_id=201\",\"name\":\"L\u00fcftungs- und Wetterschutz - TriAl - Alulamellensysteme \u00b7 L\u00fcftungsgitter, Wetterschutz, Sonnenschutz, Fassadengestaltung u.v.m.\",\"isPartOf\":{\"@id\":\"https:\/\/trial-alulamellen.de\/#website\"},\"primaryImageOfPage\":{\"@id\":\"https:\/\/trial-alulamellen.de\/?page_id=201#primaryimage\"},\"image\":{\"@id\":\"https:\/\/trial-alulamellen.de\/?page_id=201#primaryimage\"},\"thumbnailUrl\":\"https:\/\/trial-alulamellen.de\/wp-content\/uploads\/2016\/04\/trial-krefeld-300x225.jpg\",\"datePublished\":\"2016-04-25T11:27:17+00:00\",\"dateModified\":\"2023-02-16T14:18:17+00:00\",\"breadcrumb\":{\"@id\":\"https:\/\/trial-alulamellen.de\/?page_id=201#breadcrumb\"},\"inLanguage\":\"de\",\"potentialAction\":[{\"@type\":\"ReadAction\",\"target\":[\"https:\/\/trial-alulamellen.de\/?page_id=201\"]}]},{\"@type\":\"ImageObject\",\"inLanguage\":\"de\",\"@id\":\"https:\/\/trial-alulamellen.de\/?page_id=201#primaryimage\",\"url\":\"https:\/\/trial-alulamellen.de\/wp-content\/uploads\/2016\/04\/trial-krefeld.jpg\",\"contentUrl\":\"https:\/\/trial-alulamellen.de\/wp-content\/uploads\/2016\/04\/trial-krefeld.jpg\",\"width\":1200,\"height\":900,\"caption\":\"SIMOTriAL - L\u00fcftungs- und Wetterschutz Krefeld\"},{\"@type\":\"BreadcrumbList\",\"@id\":\"https:\/\/trial-alulamellen.de\/?page_id=201#breadcrumb\",\"itemListElement\":[{\"@type\":\"ListItem\",\"position\":1,\"name\":\"Startseite\",\"item\":\"https:\/\/trial-alulamellen.de\/\"},{\"@type\":\"ListItem\",\"position\":2,\"name\":\"Anwendungsgebiete\",\"item\":\"https:\/\/trial-alulamellen.de\/?page_id=156\"},{\"@type\":\"ListItem\",\"position\":3,\"name\":\"L\u00fcftungs- und Wetterschutz\"}]},{\"@type\":\"WebSite\",\"@id\":\"https:\/\/trial-alulamellen.de\/#website\",\"url\":\"https:\/\/trial-alulamellen.de\/\",\"name\":\"TriAl - Alulamellensysteme \u00b7 L\u00fcftungsgitter, Wetterschutz, Sonnenschutz, Fassadengestaltung u.v.m.\",\"description\":\"\",\"potentialAction\":[{\"@type\":\"SearchAction\",\"target\":{\"@type\":\"EntryPoint\",\"urlTemplate\":\"https:\/\/trial-alulamellen.de\/?s={search_term_string}\"},\"query-input\":{\"@type\":\"PropertyValueSpecification\",\"valueRequired\":true,\"valueName\":\"search_term_string\"}}],\"inLanguage\":\"de\"}]}<\/script>\n<!-- \/ Yoast SEO plugin. -->","yoast_head_json":{"title":"L\u00fcftungs- und Wetterschutz - TriAl - Alulamellensysteme \u00b7 L\u00fcftungsgitter, Wetterschutz, Sonnenschutz, Fassadengestaltung u.v.m.","robots":{"index":"index","follow":"follow","max-snippet":"max-snippet:-1","max-image-preview":"max-image-preview:large","max-video-preview":"max-video-preview:-1"},"canonical":"https:\/\/trial-alulamellen.de\/?page_id=201","og_locale":"de_DE","og_type":"article","og_title":"L\u00fcftungs- und Wetterschutz - TriAl - Alulamellensysteme \u00b7 L\u00fcftungsgitter, Wetterschutz, Sonnenschutz, Fassadengestaltung u.v.m.","og_description":"[et_pb_section fb_built=&#8220;1&#8243; admin_label=&#8220;section&#8220; _builder_version=&#8220;4.7.7&#8243; custom_margin=&#8220;0px|0px|0px|0px|true|true&#8220; custom_padding=&#8220;0px|0px|0px|0px|true|true&#8220;][et_pb_row admin_label=&#8220;row&#8220; _builder_version=&#8220;4.7.7&#8243; background_size=&#8220;initial&#8220; background_position=&#8220;top_left&#8220; background_repeat=&#8220;repeat&#8220; width=&#8220;100%&#8220; custom_margin=&#8220;0px|0px|0px|0px|true|true&#8220; custom_padding=&#8220;30px|20px|30px|20px|true|true&#8220;][et_pb_column type=&#8220;4_4&#8243; _builder_version=&#8220;3.25&#8243; custom_padding=&#8220;|||&#8220; custom_padding__hover=&#8220;|||&#8220;][et_pb_text _builder_version=&#8220;4.7.7&#8243; _module_preset=&#8220;default&#8220;] L\u00fcftungs- und Wetterschutz [\/et_pb_text][\/et_pb_column][\/et_pb_row][et_pb_row admin_label=&#8220;row&#8220; _builder_version=&#8220;4.7.7&#8243; background_size=&#8220;initial&#8220; background_position=&#8220;top_left&#8220; background_repeat=&#8220;repeat&#8220; custom_margin=&#8220;0px|0px|0px|0px|true|true&#8220; custom_padding=&#8220;0px|20px|0px|20px|true|true&#8220; hover_enabled=&#8220;0&#8243; width=&#8220;100%&#8220; sticky_enabled=&#8220;0&#8243;][et_pb_column type=&#8220;4_4&#8243; _builder_version=&#8220;3.25&#8243; custom_padding=&#8220;|||&#8220; custom_padding__hover=&#8220;|||&#8220;][et_pb_text admin_label=&#8220;Text&#8220; _builder_version=&#8220;3.27.4&#8243; background_size=&#8220;initial&#8220; background_position=&#8220;top_left&#8220; background_repeat=&#8220;repeat&#8220;] Operatives Zentrum Krefeld Einhausung der Technikzentrale und des Treppenhausturmes.Gestaltungselement\u00a0 als harmonischer horizontaler [&hellip;]","og_url":"https:\/\/trial-alulamellen.de\/?page_id=201","og_site_name":"TriAl - Alulamellensysteme \u00b7 L\u00fcftungsgitter, Wetterschutz, Sonnenschutz, Fassadengestaltung u.v.m.","article_modified_time":"2023-02-16T14:18:17+00:00","og_image":[{"url":"https:\/\/trial-alulamellen.de\/wp-content\/uploads\/2016\/04\/trial-krefeld-300x225.jpg","type":"","width":"","height":""}],"twitter_card":"summary_large_image","twitter_misc":{"Gesch\u00e4tzte Lesezeit":"1\u00a0Minute"},"schema":{"@context":"https:\/\/schema.org","@graph":[{"@type":"WebPage","@id":"https:\/\/trial-alulamellen.de\/?page_id=201","url":"https:\/\/trial-alulamellen.de\/?page_id=201","name":"L\u00fcftungs- und Wetterschutz - TriAl - Alulamellensysteme \u00b7 L\u00fcftungsgitter, Wetterschutz, Sonnenschutz, Fassadengestaltung u.v.m.","isPartOf":{"@id":"https:\/\/trial-alulamellen.de\/#website"},"primaryImageOfPage":{"@id":"https:\/\/trial-alulamellen.de\/?page_id=201#primaryimage"},"image":{"@id":"https:\/\/trial-alulamellen.de\/?page_id=201#primaryimage"},"thumbnailUrl":"https:\/\/trial-alulamellen.de\/wp-content\/uploads\/2016\/04\/trial-krefeld-300x225.jpg","datePublished":"2016-04-25T11:27:17+00:00","dateModified":"2023-02-16T14:18:17+00:00","breadcrumb":{"@id":"https:\/\/trial-alulamellen.de\/?page_id=201#breadcrumb"},"inLanguage":"de","potentialAction":[{"@type":"ReadAction","target":["https:\/\/trial-alulamellen.de\/?page_id=201"]}]},{"@type":"ImageObject","inLanguage":"de","@id":"https:\/\/trial-alulamellen.de\/?page_id=201#primaryimage","url":"https:\/\/trial-alulamellen.de\/wp-content\/uploads\/2016\/04\/trial-krefeld.jpg","contentUrl":"https:\/\/trial-alulamellen.de\/wp-content\/uploads\/2016\/04\/trial-krefeld.jpg","width":1200,"height":900,"caption":"SIMOTriAL - L\u00fcftungs- und Wetterschutz Krefeld"},{"@type":"BreadcrumbList","@id":"https:\/\/trial-alulamellen.de\/?page_id=201#breadcrumb","itemListElement":[{"@type":"ListItem","position":1,"name":"Startseite","item":"https:\/\/trial-alulamellen.de\/"},{"@type":"ListItem","position":2,"name":"Anwendungsgebiete","item":"https:\/\/trial-alulamellen.de\/?page_id=156"},{"@type":"ListItem","position":3,"name":"L\u00fcftungs- und Wetterschutz"}]},{"@type":"WebSite","@id":"https:\/\/trial-alulamellen.de\/#website","url":"https:\/\/trial-alulamellen.de\/","name":"TriAl - Alulamellensysteme \u00b7 L\u00fcftungsgitter, Wetterschutz, Sonnenschutz, Fassadengestaltung u.v.m.","description":"","potentialAction":[{"@type":"SearchAction","target":{"@type":"EntryPoint","urlTemplate":"https:\/\/trial-alulamellen.de\/?s={search_term_string}"},"query-input":{"@type":"PropertyValueSpecification","valueRequired":true,"valueName":"search_term_string"}}],"inLanguage":"de"}]}},"_links":{"self":[{"href":"https:\/\/trial-alulamellen.de\/index.php?rest_route=\/wp\/v2\/pages\/201","targetHints":{"allow":["GET"]}}],"collection":[{"href":"https:\/\/trial-alulamellen.de\/index.php?rest_route=\/wp\/v2\/pages"}],"about":[{"href":"https:\/\/trial-alulamellen.de\/index.php?rest_route=\/wp\/v2\/types\/page"}],"author":[{"embeddable":true,"href":"https:\/\/trial-alulamellen.de\/index.php?rest_route=\/wp\/v2\/users\/2"}],"replies":[{"embeddable":true,"href":"https:\/\/trial-alulamellen.de\/index.php?rest_route=%2Fwp%2Fv2%2Fcomments&post=201"}],"version-history":[{"count":8,"href":"https:\/\/trial-alulamellen.de\/index.php?rest_route=\/wp\/v2\/pages\/201\/revisions"}],"predecessor-version":[{"id":440,"href":"https:\/\/trial-alulamellen.de\/index.php?rest_route=\/wp\/v2\/pages\/201\/revisions\/440"}],"up":[{"embeddable":true,"href":"https:\/\/trial-alulamellen.de\/index.php?rest_route=\/wp\/v2\/pages\/156"}],"wp:attachment":[{"href":"https:\/\/trial-alulamellen.de\/index.php?rest_route=%2Fwp%2Fv2%2Fmedia&parent=201"}],"curies":[{"name":"wp","href":"https:\/\/api.w.org\/{rel}","templated":true}]}}