{"id":2,"date":"2015-09-16T04:24:25","date_gmt":"2015-09-16T04:24:25","guid":{"rendered":"http:\/\/wp431m.a10-52-158-154.qa.plesk.ru\/wordpress\/?page_id=2"},"modified":"2023-09-22T10:09:46","modified_gmt":"2023-09-22T10:09:46","slug":"start","status":"publish","type":"page","link":"https:\/\/trial-alulamellen.de\/","title":{"rendered":"Start"},"content":{"rendered":"<p>[et_pb_section fb_built=&#8220;1&#8243; admin_label=&#8220;section&#8220; _builder_version=&#8220;4.7.7&#8243; width=&#8220;100%&#8220; custom_margin=&#8220;0px|0px|0px|0px|true|true&#8220; custom_padding=&#8220;0px|0px|0px|0px|true|true&#8220;][et_pb_row admin_label=&#8220;row&#8220; _builder_version=&#8220;4.7.7&#8243; background_size=&#8220;initial&#8220; background_position=&#8220;top_left&#8220; background_repeat=&#8220;repeat&#8220; width=&#8220;100%&#8220; custom_margin=&#8220;0px|0px|0px|0px|true|true&#8220; custom_padding=&#8220;25px|20px|0px|20px|false|true&#8220;][et_pb_column type=&#8220;4_4&#8243; _builder_version=&#8220;3.25&#8243; custom_padding=&#8220;|||&#8220; custom_padding__hover=&#8220;|||&#8220;][et_pb_slider _builder_version=&#8220;4.7.7&#8243; _module_preset=&#8220;default&#8220; height=&#8220;350px&#8220; max_height=&#8220;350px&#8220; auto=&#8220;on&#8220; auto_speed=&#8220;6000&#8243; box_shadow_style=&#8220;preset3&#8243;][et_pb_slide heading=&#8220;Alu-Lamellen&#8220; use_bg_overlay=&#8220;off&#8220; use_text_overlay=&#8220;on&#8220; text_overlay_color=&#8220;rgba(0,56,114,0.61)&#8220; text_border_radius=&#8220;0px&#8220; _builder_version=&#8220;4.7.7&#8243; _module_preset=&#8220;default&#8220; header_level=&#8220;h2&#8243; header_text_align=&#8220;center&#8220; header_text_color=&#8220;#ffffff&#8220; header_font_size=&#8220;44px&#8220; header_line_height=&#8220;0.5em&#8220; body_text_align=&#8220;center&#8220; body_font_size=&#8220;22px&#8220; body_line_height=&#8220;1.2em&#8220; background_image=&#8220;https:\/\/trial-alulamellen.de\/wp-content\/uploads\/2015\/09\/simo_trial_s1.jpg&#8220; background_enable_image=&#8220;on&#8220; text_orientation=&#8220;center&#8220; custom_padding=&#8220;||||false|false&#8220; sticky_transition=&#8220;on&#8220;]<\/p>\n<p style=\"text-align: center;\">als Fassadengestaltung in Blau beschichtet<\/p>\n<p>[\/et_pb_slide][et_pb_slide heading=&#8220;L\u00fcftungsgitter&#8220; use_bg_overlay=&#8220;off&#8220; use_text_overlay=&#8220;on&#8220; text_overlay_color=&#8220;rgba(0,0,0,0.44)&#8220; text_border_radius=&#8220;0px&#8220; _builder_version=&#8220;4.7.7&#8243; _module_preset=&#8220;default&#8220; header_level=&#8220;h2&#8243; header_text_align=&#8220;center&#8220; header_text_color=&#8220;#ffffff&#8220; header_font_size=&#8220;44px&#8220; header_line_height=&#8220;0.5em&#8220; body_text_align=&#8220;center&#8220; body_font_size=&#8220;22px&#8220; body_line_height=&#8220;1.2em&#8220; background_image=&#8220;https:\/\/trial-alulamellen.de\/wp-content\/uploads\/2015\/09\/simo_trial_s2.jpg&#8220; background_enable_image=&#8220;on&#8220; text_orientation=&#8220;center&#8220; custom_padding=&#8220;||||false|false&#8220; sticky_transition=&#8220;on&#8220;]<\/p>\n<p style=\"text-align: center;\">als Gestaltungselement an Geb\u00e4uden<\/p>\n<p>[\/et_pb_slide][et_pb_slide heading=&#8220;Sonnenschutz&#8220; use_bg_overlay=&#8220;off&#8220; use_text_overlay=&#8220;on&#8220; text_overlay_color=&#8220;rgba(0,56,114,0.61)&#8220; text_border_radius=&#8220;0px&#8220; _builder_version=&#8220;4.7.7&#8243; _module_preset=&#8220;default&#8220; header_level=&#8220;h2&#8243; header_text_align=&#8220;center&#8220; header_text_color=&#8220;#ffffff&#8220; header_font_size=&#8220;44px&#8220; header_line_height=&#8220;0.5em&#8220; body_text_align=&#8220;center&#8220; body_font_size=&#8220;22px&#8220; body_line_height=&#8220;1.2em&#8220; background_image=&#8220;https:\/\/trial-alulamellen.de\/wp-content\/uploads\/2015\/09\/simo_trial_s3.jpg&#8220; background_enable_image=&#8220;on&#8220; text_orientation=&#8220;center&#8220; custom_padding=&#8220;||||false|false&#8220; sticky_transition=&#8220;on&#8220;]<\/p>\n<p style=\"text-align: center;\">in unterschiedlichen Formen und Farben<\/p>\n<p>[\/et_pb_slide][et_pb_slide heading=&#8220;Wetterschutz&#8220; use_bg_overlay=&#8220;off&#8220; use_text_overlay=&#8220;on&#8220; text_overlay_color=&#8220;rgba(0,0,0,0.31)&#8220; text_border_radius=&#8220;0px&#8220; _builder_version=&#8220;4.7.7&#8243; _module_preset=&#8220;default&#8220; header_level=&#8220;h2&#8243; header_text_align=&#8220;center&#8220; header_text_color=&#8220;#ffffff&#8220; header_font_size=&#8220;44px&#8220; header_line_height=&#8220;0.5em&#8220; body_text_align=&#8220;center&#8220; body_font_size=&#8220;22px&#8220; body_line_height=&#8220;1.2em&#8220; background_image=&#8220;https:\/\/trial-alulamellen.de\/wp-content\/uploads\/2015\/09\/simo_trial_s4.jpg&#8220; background_enable_image=&#8220;on&#8220; text_orientation=&#8220;center&#8220; custom_padding=&#8220;||||false|false&#8220; sticky_transition=&#8220;on&#8220;]<\/p>\n<p style=\"text-align: center;\">optional auch mit Insektenschutz<\/p>\n<p>[\/et_pb_slide][\/et_pb_slider][et_pb_text admin_label=&#8220;Text&#8220; _builder_version=&#8220;4.7.7&#8243; background_size=&#8220;initial&#8220; background_position=&#8220;top_left&#8220; background_repeat=&#8220;repeat&#8220; hover_enabled=&#8220;0&#8243; sticky_enabled=&#8220;0&#8243;]<\/p>\n<h1>TriAL Alu-Lamellengittern<\/h1>\n<p>[\/et_pb_text][\/et_pb_column][\/et_pb_row][et_pb_row column_structure=&#8220;1_3,1_3,1_3&#8243; admin_label=&#8220;row&#8220; _builder_version=&#8220;4.7.7&#8243; background_size=&#8220;initial&#8220; background_position=&#8220;top_left&#8220; background_repeat=&#8220;repeat&#8220; width=&#8220;100%&#8220; custom_margin=&#8220;0px|0px|0px|0px|true|true&#8220; custom_padding=&#8220;0px|20px|0px|20px|true|true&#8220; animation_style=&#8220;zoom&#8220;][et_pb_column type=&#8220;1_3&#8243; _builder_version=&#8220;3.25&#8243; custom_padding=&#8220;|||&#8220; custom_padding__hover=&#8220;|||&#8220;][et_pb_button button_url=&#8220;@ET-DC@eyJkeW5hbWljIjp0cnVlLCJjb250ZW50IjoicG9zdF9saW5rX3VybF9wYWdlIiwic2V0dGluZ3MiOnsicG9zdF9pZCI6IjIwMSJ9fQ==@&#8220; button_text=&#8220;L\u00fcftungs- und Wetterschutz&#8220; _builder_version=&#8220;4.7.7&#8243; _dynamic_attributes=&#8220;button_url&#8220; _module_preset=&#8220;default&#8220; custom_button=&#8220;on&#8220; button_border_width=&#8220;2px&#8220; button_border_radius=&#8220;0px&#8220; button_font=&#8220;|700|||||||&#8220; button_use_icon=&#8220;off&#8220;][\/et_pb_button][et_pb_image src=&#8220;https:\/\/trial-alulamellen.de\/wp-content\/uploads\/2016\/04\/trial-duisburg.jpg&#8220; title_text=&#8220;trial-duisburg&#8220; show_in_lightbox=&#8220;on&#8220; _builder_version=&#8220;4.7.7&#8243; _module_preset=&#8220;default&#8220; width=&#8220;250px&#8220;][\/et_pb_image][\/et_pb_column][et_pb_column type=&#8220;1_3&#8243; _builder_version=&#8220;3.25&#8243; custom_padding=&#8220;|||&#8220; custom_padding__hover=&#8220;|||&#8220;][et_pb_button button_url=&#8220;@ET-DC@eyJkeW5hbWljIjp0cnVlLCJjb250ZW50IjoicG9zdF9saW5rX3VybF9wYWdlIiwic2V0dGluZ3MiOnsicG9zdF9pZCI6IjI0NyJ9fQ==@&#8220; button_text=&#8220;Fassadenintegrierte L\u00fcftungen&#8220; _builder_version=&#8220;4.7.7&#8243; _dynamic_attributes=&#8220;button_url&#8220; _module_preset=&#8220;default&#8220; custom_button=&#8220;on&#8220; button_border_radius=&#8220;0px&#8220; button_font=&#8220;|700|||||||&#8220; button_use_icon=&#8220;off&#8220;][\/et_pb_button][et_pb_image src=&#8220;https:\/\/trial-alulamellen.de\/wp-content\/uploads\/2017\/09\/trial-speyer.jpg&#8220; title_text=&#8220;trial-speyer&#8220; show_in_lightbox=&#8220;on&#8220; _builder_version=&#8220;4.7.7&#8243; _module_preset=&#8220;default&#8220; width=&#8220;250px&#8220;][\/et_pb_image][\/et_pb_column][et_pb_column type=&#8220;1_3&#8243; _builder_version=&#8220;3.25&#8243; custom_padding=&#8220;|||&#8220; custom_padding__hover=&#8220;|||&#8220;][et_pb_button button_url=&#8220;@ET-DC@eyJkeW5hbWljIjp0cnVlLCJjb250ZW50IjoicG9zdF9saW5rX3VybF9wYWdlIiwic2V0dGluZ3MiOnsicG9zdF9pZCI6IjI0OSJ9fQ==@&#8220; button_text=&#8220;Gestaltung und Sonnenschutz&#8220; _builder_version=&#8220;4.7.7&#8243; _dynamic_attributes=&#8220;button_url&#8220; _module_preset=&#8220;default&#8220; custom_button=&#8220;on&#8220; button_border_radius=&#8220;0px&#8220; button_font=&#8220;|700|||||||&#8220; button_use_icon=&#8220;off&#8220;][\/et_pb_button][et_pb_image src=&#8220;https:\/\/trial-alulamellen.de\/wp-content\/uploads\/2017\/09\/trial-heinsberg.jpg&#8220; title_text=&#8220;trial-heinsberg&#8220; show_in_lightbox=&#8220;on&#8220; _builder_version=&#8220;4.7.7&#8243; _module_preset=&#8220;default&#8220; width=&#8220;227px&#8220;][\/et_pb_image][\/et_pb_column][\/et_pb_row][et_pb_row admin_label=&#8220;row&#8220; _builder_version=&#8220;4.7.7&#8243; background_size=&#8220;initial&#8220; background_position=&#8220;top_left&#8220; background_repeat=&#8220;repeat&#8220; width=&#8220;100%&#8220; custom_margin=&#8220;0px|0px|0px|0px|true|true&#8220; custom_padding=&#8220;40px|20px|0px|20px|false|true&#8220;][et_pb_column type=&#8220;4_4&#8243; _builder_version=&#8220;3.25&#8243; custom_padding=&#8220;|||&#8220; custom_padding__hover=&#8220;|||&#8220;][et_pb_text admin_label=&#8220;Text&#8220; _builder_version=&#8220;4.7.7&#8243; header_3_text_color=&#8220;#2dbfa2&#8243; background_size=&#8220;initial&#8220; background_position=&#8220;top_left&#8220; background_repeat=&#8220;repeat&#8220;]<\/p>\n<h1><img loading=\"lazy\" decoding=\"async\" class=\"alignright wp-image-148 size-medium\" src=\"https:\/\/trial-alulamellen.de\/wp-content\/uploads\/2015\/09\/simo-trial-245x300.jpg\" alt=\"simo-trial\" width=\"245\" height=\"300\" srcset=\"https:\/\/trial-alulamellen.de\/wp-content\/uploads\/2015\/09\/simo-trial-245x300.jpg 245w, https:\/\/trial-alulamellen.de\/wp-content\/uploads\/2015\/09\/simo-trial.jpg 400w\" sizes=\"auto, (max-width: 245px) 100vw, 245px\" \/><\/h1>\n<p>Das TriAL- Lamellensystem ist ein patentrechtlich gesch\u00fctztes System mit ausgezeichneten bauphysikalischen Eigenschaften. Die Kombination aus vertikalen Alu-Tragschienen (Sprossenprofile), Kunststoff-Lamellenhaltern und den eigentlichen Lamellen aus stranggepressten Aluminiumprofilen hat sich seit vielen Jahren in der Praxis bew\u00e4hrt und wurde von anspruchsvollen Bauherren bei z.T. sehr hochwertigen Bauvorhaben eingesetzt.<\/p>\n<p>Aufgrund unserer gro\u00dfen Erfahrung sind wir in der Lage, das System in vorhandene Planungen zu integrieren und individuell auf unterschiedlichste Anforderungen abzustimmen. Sie bekommen von uns alles aus einer Hand von der Planung, der Herstellung in unserem Werk bis zur Montage vor Ort mit firmeneigenem Fachpersonal. Wir w\u00fcnschen Ihnen einen informativen und kurzweiligen Aufenthalt auf unserer Homepage und stehen erg\u00e4nzend auch \u00fcber telefonische Direktberatung gerne zu Ihrer Verf\u00fcgung.<\/p>\n<h3 style=\"padding-left: 30px;\"><\/h3>\n<p>[\/et_pb_text][et_pb_text _builder_version=&#8220;4.7.7&#8243; _module_preset=&#8220;default&#8220; text_text_color=&#8220;#003872&#8243; text_font_size=&#8220;24px&#8220;]<\/p>\n<p><strong>TriAL<\/strong> = <strong>T<\/strong>echnisch <strong>R<\/strong>ichtungsweisendes <strong>I<\/strong>nnovatives <strong>A<\/strong>luminium <strong>L<\/strong>amellengitter<\/p>\n<p>[\/et_pb_text][\/et_pb_column][\/et_pb_row][\/et_pb_section]<\/p>\n","protected":false},"excerpt":{"rendered":"<p>[et_pb_section fb_built=&#8220;1&#8243; admin_label=&#8220;section&#8220; _builder_version=&#8220;4.7.7&#8243; width=&#8220;100%&#8220; custom_margin=&#8220;0px|0px|0px|0px|true|true&#8220; custom_padding=&#8220;0px|0px|0px|0px|true|true&#8220;][et_pb_row admin_label=&#8220;row&#8220; _builder_version=&#8220;4.7.7&#8243; background_size=&#8220;initial&#8220; background_position=&#8220;top_left&#8220; background_repeat=&#8220;repeat&#8220; width=&#8220;100%&#8220; custom_margin=&#8220;0px|0px|0px|0px|true|true&#8220; custom_padding=&#8220;25px|20px|0px|20px|false|true&#8220;][et_pb_column type=&#8220;4_4&#8243; _builder_version=&#8220;3.25&#8243; custom_padding=&#8220;|||&#8220; custom_padding__hover=&#8220;|||&#8220;][et_pb_slider _builder_version=&#8220;4.7.7&#8243; _module_preset=&#8220;default&#8220; height=&#8220;350px&#8220; max_height=&#8220;350px&#8220; auto=&#8220;on&#8220; auto_speed=&#8220;6000&#8243; box_shadow_style=&#8220;preset3&#8243;][et_pb_slide heading=&#8220;Alu-Lamellen&#8220; use_bg_overlay=&#8220;off&#8220; use_text_overlay=&#8220;on&#8220; text_overlay_color=&#8220;rgba(0,56,114,0.61)&#8220; text_border_radius=&#8220;0px&#8220; _builder_version=&#8220;4.7.7&#8243; _module_preset=&#8220;default&#8220; header_level=&#8220;h2&#8243; header_text_align=&#8220;center&#8220; header_text_color=&#8220;#ffffff&#8220; header_font_size=&#8220;44px&#8220; header_line_height=&#8220;0.5em&#8220; body_text_align=&#8220;center&#8220; body_font_size=&#8220;22px&#8220; body_line_height=&#8220;1.2em&#8220; background_image=&#8220;https:\/\/trial-alulamellen.de\/wp-content\/uploads\/2015\/09\/simo_trial_s1.jpg&#8220; background_enable_image=&#8220;on&#8220; text_orientation=&#8220;center&#8220; custom_padding=&#8220;||||false|false&#8220; sticky_transition=&#8220;on&#8220;] als Fassadengestaltung in Blau beschichtet [\/et_pb_slide][et_pb_slide heading=&#8220;L\u00fcftungsgitter&#8220; use_bg_overlay=&#8220;off&#8220; use_text_overlay=&#8220;on&#8220; [&hellip;]<\/p>\n","protected":false},"author":2,"featured_media":0,"parent":0,"menu_order":10,"comment_status":"closed","ping_status":"closed","template":"","meta":{"_et_pb_use_builder":"on","_et_pb_old_content":"<h1><img class=\"alignright wp-image-148 size-medium\" src=\"https:\/\/trial-alulamellen.de\/wp-content\/uploads\/2015\/09\/simo-trial-245x300.jpg\" alt=\"simo-trial\" width=\"245\" height=\"300\" \/>TriAL Alu-Lamellengittern<\/h1>\r\nDas TriAL- Lamellensystem ist ein patentrechtlich gesch\u00fctztes System mit ausgezeichneten bauphysikalischen Eigenschaften. Die Kombination aus vertikalen Alu-Tragschienen (Sprossenprofile), Kunststoff-Lamellenhaltern und den eigentlichen Lamellen aus stranggepressten Aluminiumprofilen hat sich seit vielen Jahren in der Praxis bew\u00e4hrt und wurde von anspruchsvollen Bauherren bei z.T. sehr hochwertigen Bauvorhaben eingesetzt.\r\n\r\nAufgrund unserer gro\u00dfen Erfahrung sind wir in der Lage, das System in vorhandene Planungen zu integrieren und individuell auf unterschiedlichste Anforderungen abzustimmen. Sie bekommen von uns alles aus einer Hand von der Planung, der Herstellung in unserem Werk bis zur Montage vor Ort mit firmeneigenem Fachpersonal. Wir w\u00fcnschen Ihnen einen informativen und kurzweiligen Aufenthalt auf unserer Homepage und stehen erg\u00e4nzend auch \u00fcber telefonische Direktberatung gerne zu Ihrer Verf\u00fcgung.\r\n<h2 style=\"padding-left: 30px;\">\u2022 <a href=\"https:\/\/trial-alulamellen.de\/?page_id=201\">L\u00fcftungs- und Wetterschutz<\/a>\r\n\u2022 <a href=\"https:\/\/trial-alulamellen.de\/?page_id=247\">Fassadenintegrierte L\u00fcftungen\r\n<\/a>\u2022 <a href=\"https:\/\/trial-alulamellen.de\/?page_id=249\">Gestaltung und Sonnenschutz<\/a><\/h2>\r\n<strong>TriAl<\/strong> = <strong>T<\/strong>echnisch <strong>R<\/strong>ichtungsweisendes <strong>I<\/strong>nnovatives <strong>A<\/strong>luminium <strong>L<\/strong>amellengitter","_et_gb_content_width":"","ngg_post_thumbnail":0,"footnotes":""},"class_list":["post-2","page","type-page","status-publish","hentry"],"yoast_head":"<!-- This site is optimized with the Yoast SEO plugin v26.8 - https:\/\/yoast.com\/product\/yoast-seo-wordpress\/ -->\n<title>Start - TriAl - Alulamellensysteme \u00b7 L\u00fcftungsgitter, Wetterschutz, Sonnenschutz, Fassadengestaltung u.v.m.<\/title>\n<meta name=\"robots\" content=\"index, follow, max-snippet:-1, max-image-preview:large, max-video-preview:-1\" \/>\n<link rel=\"canonical\" href=\"https:\/\/trial-alulamellen.de\/\" \/>\n<meta property=\"og:locale\" content=\"de_DE\" \/>\n<meta property=\"og:type\" content=\"article\" \/>\n<meta property=\"og:title\" content=\"Start - TriAl - Alulamellensysteme \u00b7 L\u00fcftungsgitter, Wetterschutz, Sonnenschutz, Fassadengestaltung u.v.m.\" \/>\n<meta property=\"og:description\" content=\"[et_pb_section fb_built=&#8220;1&#8243; admin_label=&#8220;section&#8220; _builder_version=&#8220;4.7.7&#8243; width=&#8220;100%&#8220; custom_margin=&#8220;0px|0px|0px|0px|true|true&#8220; custom_padding=&#8220;0px|0px|0px|0px|true|true&#8220;][et_pb_row admin_label=&#8220;row&#8220; _builder_version=&#8220;4.7.7&#8243; background_size=&#8220;initial&#8220; background_position=&#8220;top_left&#8220; background_repeat=&#8220;repeat&#8220; width=&#8220;100%&#8220; custom_margin=&#8220;0px|0px|0px|0px|true|true&#8220; custom_padding=&#8220;25px|20px|0px|20px|false|true&#8220;][et_pb_column type=&#8220;4_4&#8243; _builder_version=&#8220;3.25&#8243; custom_padding=&#8220;|||&#8220; custom_padding__hover=&#8220;|||&#8220;][et_pb_slider _builder_version=&#8220;4.7.7&#8243; _module_preset=&#8220;default&#8220; height=&#8220;350px&#8220; max_height=&#8220;350px&#8220; auto=&#8220;on&#8220; auto_speed=&#8220;6000&#8243; box_shadow_style=&#8220;preset3&#8243;][et_pb_slide heading=&#8220;Alu-Lamellen&#8220; use_bg_overlay=&#8220;off&#8220; use_text_overlay=&#8220;on&#8220; text_overlay_color=&#8220;rgba(0,56,114,0.61)&#8220; text_border_radius=&#8220;0px&#8220; _builder_version=&#8220;4.7.7&#8243; _module_preset=&#8220;default&#8220; header_level=&#8220;h2&#8243; header_text_align=&#8220;center&#8220; header_text_color=&#8220;#ffffff&#8220; header_font_size=&#8220;44px&#8220; header_line_height=&#8220;0.5em&#8220; body_text_align=&#8220;center&#8220; body_font_size=&#8220;22px&#8220; body_line_height=&#8220;1.2em&#8220; background_image=&#8220;https:\/\/trial-alulamellen.de\/wp-content\/uploads\/2015\/09\/simo_trial_s1.jpg&#8220; background_enable_image=&#8220;on&#8220; text_orientation=&#8220;center&#8220; custom_padding=&#8220;||||false|false&#8220; sticky_transition=&#8220;on&#8220;] als Fassadengestaltung in Blau beschichtet [\/et_pb_slide][et_pb_slide heading=&#8220;L\u00fcftungsgitter&#8220; use_bg_overlay=&#8220;off&#8220; use_text_overlay=&#8220;on&#8220; [&hellip;]\" \/>\n<meta property=\"og:url\" content=\"https:\/\/trial-alulamellen.de\/\" \/>\n<meta property=\"og:site_name\" content=\"TriAl - Alulamellensysteme \u00b7 L\u00fcftungsgitter, Wetterschutz, Sonnenschutz, Fassadengestaltung u.v.m.\" \/>\n<meta property=\"article:modified_time\" content=\"2023-09-22T10:09:46+00:00\" \/>\n<meta property=\"og:image\" content=\"https:\/\/trial-alulamellen.de\/wp-content\/uploads\/2015\/09\/simo-trial-245x300.jpg\" \/>\n<meta name=\"twitter:card\" content=\"summary_large_image\" \/>\n<meta name=\"twitter:label1\" content=\"Gesch\u00e4tzte Lesezeit\" \/>\n\t<meta name=\"twitter:data1\" content=\"5\u00a0Minuten\" \/>\n<script type=\"application\/ld+json\" class=\"yoast-schema-graph\">{\"@context\":\"https:\/\/schema.org\",\"@graph\":[{\"@type\":\"WebPage\",\"@id\":\"https:\/\/trial-alulamellen.de\/\",\"url\":\"https:\/\/trial-alulamellen.de\/\",\"name\":\"Start - TriAl - Alulamellensysteme \u00b7 L\u00fcftungsgitter, Wetterschutz, Sonnenschutz, Fassadengestaltung u.v.m.\",\"isPartOf\":{\"@id\":\"https:\/\/trial-alulamellen.de\/#website\"},\"primaryImageOfPage\":{\"@id\":\"https:\/\/trial-alulamellen.de\/#primaryimage\"},\"image\":{\"@id\":\"https:\/\/trial-alulamellen.de\/#primaryimage\"},\"thumbnailUrl\":\"https:\/\/trial-alulamellen.de\/wp-content\/uploads\/2015\/09\/simo-trial-245x300.jpg\",\"datePublished\":\"2015-09-16T04:24:25+00:00\",\"dateModified\":\"2023-09-22T10:09:46+00:00\",\"breadcrumb\":{\"@id\":\"https:\/\/trial-alulamellen.de\/#breadcrumb\"},\"inLanguage\":\"de\",\"potentialAction\":[{\"@type\":\"ReadAction\",\"target\":[\"https:\/\/trial-alulamellen.de\/\"]}]},{\"@type\":\"ImageObject\",\"inLanguage\":\"de\",\"@id\":\"https:\/\/trial-alulamellen.de\/#primaryimage\",\"url\":\"https:\/\/trial-alulamellen.de\/wp-content\/uploads\/2015\/09\/simo-trial.jpg\",\"contentUrl\":\"https:\/\/trial-alulamellen.de\/wp-content\/uploads\/2015\/09\/simo-trial.jpg\",\"width\":400,\"height\":489},{\"@type\":\"BreadcrumbList\",\"@id\":\"https:\/\/trial-alulamellen.de\/#breadcrumb\",\"itemListElement\":[{\"@type\":\"ListItem\",\"position\":1,\"name\":\"Startseite\",\"item\":\"https:\/\/trial-alulamellen.de\/\"},{\"@type\":\"ListItem\",\"position\":2,\"name\":\"Start\"}]},{\"@type\":\"WebSite\",\"@id\":\"https:\/\/trial-alulamellen.de\/#website\",\"url\":\"https:\/\/trial-alulamellen.de\/\",\"name\":\"TriAl - Alulamellensysteme \u00b7 L\u00fcftungsgitter, Wetterschutz, Sonnenschutz, Fassadengestaltung u.v.m.\",\"description\":\"\",\"potentialAction\":[{\"@type\":\"SearchAction\",\"target\":{\"@type\":\"EntryPoint\",\"urlTemplate\":\"https:\/\/trial-alulamellen.de\/?s={search_term_string}\"},\"query-input\":{\"@type\":\"PropertyValueSpecification\",\"valueRequired\":true,\"valueName\":\"search_term_string\"}}],\"inLanguage\":\"de\"}]}<\/script>\n<!-- \/ Yoast SEO plugin. -->","yoast_head_json":{"title":"Start - TriAl - Alulamellensysteme \u00b7 L\u00fcftungsgitter, Wetterschutz, Sonnenschutz, Fassadengestaltung u.v.m.","robots":{"index":"index","follow":"follow","max-snippet":"max-snippet:-1","max-image-preview":"max-image-preview:large","max-video-preview":"max-video-preview:-1"},"canonical":"https:\/\/trial-alulamellen.de\/","og_locale":"de_DE","og_type":"article","og_title":"Start - TriAl - Alulamellensysteme \u00b7 L\u00fcftungsgitter, Wetterschutz, Sonnenschutz, Fassadengestaltung u.v.m.","og_description":"[et_pb_section fb_built=&#8220;1&#8243; admin_label=&#8220;section&#8220; _builder_version=&#8220;4.7.7&#8243; width=&#8220;100%&#8220; custom_margin=&#8220;0px|0px|0px|0px|true|true&#8220; custom_padding=&#8220;0px|0px|0px|0px|true|true&#8220;][et_pb_row admin_label=&#8220;row&#8220; _builder_version=&#8220;4.7.7&#8243; background_size=&#8220;initial&#8220; background_position=&#8220;top_left&#8220; background_repeat=&#8220;repeat&#8220; width=&#8220;100%&#8220; custom_margin=&#8220;0px|0px|0px|0px|true|true&#8220; custom_padding=&#8220;25px|20px|0px|20px|false|true&#8220;][et_pb_column type=&#8220;4_4&#8243; _builder_version=&#8220;3.25&#8243; custom_padding=&#8220;|||&#8220; custom_padding__hover=&#8220;|||&#8220;][et_pb_slider _builder_version=&#8220;4.7.7&#8243; _module_preset=&#8220;default&#8220; height=&#8220;350px&#8220; max_height=&#8220;350px&#8220; auto=&#8220;on&#8220; auto_speed=&#8220;6000&#8243; box_shadow_style=&#8220;preset3&#8243;][et_pb_slide heading=&#8220;Alu-Lamellen&#8220; use_bg_overlay=&#8220;off&#8220; use_text_overlay=&#8220;on&#8220; text_overlay_color=&#8220;rgba(0,56,114,0.61)&#8220; text_border_radius=&#8220;0px&#8220; _builder_version=&#8220;4.7.7&#8243; _module_preset=&#8220;default&#8220; header_level=&#8220;h2&#8243; header_text_align=&#8220;center&#8220; header_text_color=&#8220;#ffffff&#8220; header_font_size=&#8220;44px&#8220; header_line_height=&#8220;0.5em&#8220; body_text_align=&#8220;center&#8220; body_font_size=&#8220;22px&#8220; body_line_height=&#8220;1.2em&#8220; background_image=&#8220;https:\/\/trial-alulamellen.de\/wp-content\/uploads\/2015\/09\/simo_trial_s1.jpg&#8220; background_enable_image=&#8220;on&#8220; text_orientation=&#8220;center&#8220; custom_padding=&#8220;||||false|false&#8220; sticky_transition=&#8220;on&#8220;] als Fassadengestaltung in Blau beschichtet [\/et_pb_slide][et_pb_slide heading=&#8220;L\u00fcftungsgitter&#8220; use_bg_overlay=&#8220;off&#8220; use_text_overlay=&#8220;on&#8220; [&hellip;]","og_url":"https:\/\/trial-alulamellen.de\/","og_site_name":"TriAl - Alulamellensysteme \u00b7 L\u00fcftungsgitter, Wetterschutz, Sonnenschutz, Fassadengestaltung u.v.m.","article_modified_time":"2023-09-22T10:09:46+00:00","og_image":[{"url":"https:\/\/trial-alulamellen.de\/wp-content\/uploads\/2015\/09\/simo-trial-245x300.jpg","type":"","width":"","height":""}],"twitter_card":"summary_large_image","twitter_misc":{"Gesch\u00e4tzte Lesezeit":"5\u00a0Minuten"},"schema":{"@context":"https:\/\/schema.org","@graph":[{"@type":"WebPage","@id":"https:\/\/trial-alulamellen.de\/","url":"https:\/\/trial-alulamellen.de\/","name":"Start - TriAl - Alulamellensysteme \u00b7 L\u00fcftungsgitter, Wetterschutz, Sonnenschutz, Fassadengestaltung u.v.m.","isPartOf":{"@id":"https:\/\/trial-alulamellen.de\/#website"},"primaryImageOfPage":{"@id":"https:\/\/trial-alulamellen.de\/#primaryimage"},"image":{"@id":"https:\/\/trial-alulamellen.de\/#primaryimage"},"thumbnailUrl":"https:\/\/trial-alulamellen.de\/wp-content\/uploads\/2015\/09\/simo-trial-245x300.jpg","datePublished":"2015-09-16T04:24:25+00:00","dateModified":"2023-09-22T10:09:46+00:00","breadcrumb":{"@id":"https:\/\/trial-alulamellen.de\/#breadcrumb"},"inLanguage":"de","potentialAction":[{"@type":"ReadAction","target":["https:\/\/trial-alulamellen.de\/"]}]},{"@type":"ImageObject","inLanguage":"de","@id":"https:\/\/trial-alulamellen.de\/#primaryimage","url":"https:\/\/trial-alulamellen.de\/wp-content\/uploads\/2015\/09\/simo-trial.jpg","contentUrl":"https:\/\/trial-alulamellen.de\/wp-content\/uploads\/2015\/09\/simo-trial.jpg","width":400,"height":489},{"@type":"BreadcrumbList","@id":"https:\/\/trial-alulamellen.de\/#breadcrumb","itemListElement":[{"@type":"ListItem","position":1,"name":"Startseite","item":"https:\/\/trial-alulamellen.de\/"},{"@type":"ListItem","position":2,"name":"Start"}]},{"@type":"WebSite","@id":"https:\/\/trial-alulamellen.de\/#website","url":"https:\/\/trial-alulamellen.de\/","name":"TriAl - Alulamellensysteme \u00b7 L\u00fcftungsgitter, Wetterschutz, Sonnenschutz, Fassadengestaltung u.v.m.","description":"","potentialAction":[{"@type":"SearchAction","target":{"@type":"EntryPoint","urlTemplate":"https:\/\/trial-alulamellen.de\/?s={search_term_string}"},"query-input":{"@type":"PropertyValueSpecification","valueRequired":true,"valueName":"search_term_string"}}],"inLanguage":"de"}]}},"_links":{"self":[{"href":"https:\/\/trial-alulamellen.de\/index.php?rest_route=\/wp\/v2\/pages\/2","targetHints":{"allow":["GET"]}}],"collection":[{"href":"https:\/\/trial-alulamellen.de\/index.php?rest_route=\/wp\/v2\/pages"}],"about":[{"href":"https:\/\/trial-alulamellen.de\/index.php?rest_route=\/wp\/v2\/types\/page"}],"author":[{"embeddable":true,"href":"https:\/\/trial-alulamellen.de\/index.php?rest_route=\/wp\/v2\/users\/2"}],"replies":[{"embeddable":true,"href":"https:\/\/trial-alulamellen.de\/index.php?rest_route=%2Fwp%2Fv2%2Fcomments&post=2"}],"version-history":[{"count":34,"href":"https:\/\/trial-alulamellen.de\/index.php?rest_route=\/wp\/v2\/pages\/2\/revisions"}],"predecessor-version":[{"id":650,"href":"https:\/\/trial-alulamellen.de\/index.php?rest_route=\/wp\/v2\/pages\/2\/revisions\/650"}],"wp:attachment":[{"href":"https:\/\/trial-alulamellen.de\/index.php?rest_route=%2Fwp%2Fv2%2Fmedia&parent=2"}],"curies":[{"name":"wp","href":"https:\/\/api.w.org\/{rel}","templated":true}]}}